{"id":8804,"date":"2022-11-11T20:35:14","date_gmt":"2022-11-11T20:35:14","guid":{"rendered":"https:\/\/kodemre.com\/psodex-2\/?post_type=product&#038;p=8804"},"modified":"2023-05-01T21:53:55","modified_gmt":"2023-05-01T21:53:55","slug":"psodex-skincare-kit","status":"publish","type":"product","link":"https:\/\/kodemre.com\/psodex-2\/product\/psodex-skincare-kit\/","title":{"rendered":"Psodex Skincare Kit"},"content":{"rendered":"<h1><strong>Psodex Post Hair Removal Skincare Cream<\/strong><\/h1>\n<p><b>The Soothing You Need: <\/b><span style=\"font-weight: 400;\">If you are tired of after hair removal irritation and itching, the PSODEX <\/span><b>post hair remover cream<\/b><span style=\"font-weight: 400;\"> is here to soothe your skin, relieve irritation, and discomfort. Our formula can help disinfect and cleanse your skin, leaving you with smooth and gorgeous skin.<\/span><\/p>\n<p><b>All-Natural Formula: <\/b><span style=\"font-weight: 400;\">The PSODEX <\/span><b>post epilation cream<\/b><span style=\"font-weight: 400;\"> blends only natural ingredients, such as kojic acid, allantoin, camphor oil, shea butter, aloe vera, zinc oxide, urea, herbal extracts, peppermint and more, that can help provide intensive care and hydration.<\/span><\/p>\n<p><b>Non-Irritating and Safe: <\/b><span style=\"font-weight: 400;\">Our <\/span><b>after epilation cream<\/b><span style=\"font-weight: 400;\"> is free harmful chemicals, parabens, fragrances, dyes, colors, and other ingredients that may irritate your skin, being extremely gentle with delicate skin while offering excellent nourishment and locking in natural moisture.<\/span><\/p>\n<h1><strong>Psodex Foot Care Advanced Repair Cream<\/strong><\/h1>\n<p><b>Complete Foot Care: <\/b><span style=\"font-weight: 400;\">The PSODEX <\/span><b>nail fungus treatment<\/b><span style=\"font-weight: 400;\"> is a safe and effective formula that can help restore the health of your nails and skin by helping to reduce inflammation, dryness, itchiness, stimulate moisture retention, and eliminate foul odors.<\/span><\/p>\n<p><b>All-Natural Blend: <\/b><span style=\"font-weight: 400;\">Our <\/span><b>cracked heel repair<\/b><span style=\"font-weight: 400;\"> cream is formulated with 100% natural ingredients, such as urea, shea butter, lactic acid, salicylic acid, and herbal extracts. The formula has a high absorption power and can help nourish your skin from its deepest layers, reduce irritation, and freshen up your skin.<br \/>\n<\/span><\/p>\n<h1><strong>Psodex Dark Spot Corrector Brightening Cream<\/strong><\/h1>\n<p><b>Advanced Formula: <\/b><span style=\"font-weight: 400;\">The PSODEX <\/span><b>dark spot remover<\/b><span style=\"font-weight: 400;\"> cream has a powerful blend of ingredients that can help restore the natural glow of your skin. The formula contains natural kojic acid, azelaic acid, ascorbic acid, aloe vera extract, and other safe ingredients.<\/span><\/p>\n<p><b>UV Light Protection: <\/b><span style=\"font-weight: 400;\">This <\/span><b>lightening cream<\/b><span style=\"font-weight: 400;\"> contains spf15 to protect you from UV light and reduce the risk of pigmentation appearance. This lotion can help protect against the harmful effects of sun exposure, blocking the absorption of sunlight and forming a protective barrier.<\/span><\/p>\n<p><b>Soothing and Calming: <\/b><span style=\"font-weight: 400;\">Our <\/span><b>dark spot cream<\/b><span style=\"font-weight: 400;\"> has a soothing effect that can help calm irritated skin, reduce inflammation, itchiness, and fight acne, so you can enjoy smooth and beautiful skin. Also, it can help fight hyperpigmentation and melasma and contribute to skin regeneration.<\/span><\/p>\n<h1><span style=\"font-weight: 400;\"><br \/>\n<strong>Psodex Restorative Soothing Care Cream<\/strong><\/span><\/h1>\n<p><b>Take Care of Your Skin: <\/b><span style=\"font-weight: 400;\">The PSODEX <\/span><b>moisturizing cream for face<\/b><span style=\"font-weight: 400;\"> and body has a powerful formula made with nature\u2019s best ingredients that can help you cope with different skin issues, hydrate your skin, and restore its strength and elasticity in a safe and effective way.<\/span><\/p>\n<p><b>Restorative Skin Care: <\/b><span style=\"font-weight: 400;\">Our <\/span><b>moisturizer for dry skin <\/b><span style=\"font-weight: 400;\">combines the benefits of natural extracts that can help relieve inflammation, itching and irritation, accelerate healing of abrasions and cuts, and replenish your skin\u2019s natural barrier.<\/span><\/p>\n<p><b>Natural Formula: <\/b><span style=\"font-weight: 400;\">This premium <\/span><b>moisturizing cream<\/b><span style=\"font-weight: 400;\"> is formulated with all-natural ingredients extracted from the heart of nature, such as Centella Asiatica, tea tree oil, camphor oil, horse chestnut oil, urea and zinc oxide, azelaic acid, peppermint extract, without parabens, fragrance, and other harmful chemicals.<\/span><\/p>\n<p>&nbsp;<\/p>\n<h1><strong>Psodex Moisturizing Skincare Cream<\/strong><\/h1>\n<p><span style=\"font-weight: 400;\">This amazing face moisturizer is essential for every beauty routine, thanks to its intensely hydrating formula that provides quick absorption and in-depth nourishment, contributing to healthy and beautiful skin. Our moisturizer for face has a powerful blend of all-natural ingredients extracted from plants that can help relieve inflammation, provide hydration, and protect your skin from external factors. The formula is 100% vegan and packed with essential vitamins and antioxidants that can help replenish your skin nutrients and leaving you with silky soft, glowing skin.<\/span><\/p>\n<h1><b>Some of the amazing features of this kit:<\/b><\/h1>\n<ul>\n<li style=\"font-weight: 400;\" aria-level=\"1\"><span style=\"font-weight: 400;\">All-natural, plant-based formula;<\/span><\/li>\n<li style=\"font-weight: 400;\" aria-level=\"1\"><span style=\"font-weight: 400;\">Free of gluten, harmful chemicals, or irritating ingredients;<\/span><\/li>\n<li style=\"font-weight: 400;\" aria-level=\"1\"><span style=\"font-weight: 400;\">Soft and gentle to the skin;<\/span><\/li>\n<li style=\"font-weight: 400;\" aria-level=\"1\"><span style=\"font-weight: 400;\">Can help relieve itchiness, redness, and irritations;<\/span><\/li>\n<li style=\"font-weight: 400;\" aria-level=\"1\"><span style=\"font-weight: 400;\">Soothing and calming effect;<\/span><\/li>\n<li style=\"font-weight: 400;\" aria-level=\"1\"><span style=\"font-weight: 400;\">Can help balance pH level;<\/span><\/li>\n<li style=\"font-weight: 400;\" aria-level=\"1\"><span style=\"font-weight: 400;\">Lightweight texture;<\/span><\/li>\n<li style=\"font-weight: 400;\" aria-level=\"1\"><span style=\"font-weight: 400;\">Fast absorption;<\/span><\/li>\n<li style=\"font-weight: 400;\" aria-level=\"1\"><span style=\"font-weight: 400;\">Rich content of vitamins and antioxidants;<\/span><\/li>\n<li style=\"font-weight: 400;\" aria-level=\"1\"><span style=\"font-weight: 400;\">Anti-inflammatory effect;<\/span><\/li>\n<li style=\"font-weight: 400;\" aria-level=\"1\"><span style=\"font-weight: 400;\">Convenient packaging;<\/span><\/li>\n<\/ul>\n<div id=\"gtx-trans\" style=\"position: absolute; left: 152px; top: 1307.97px;\">\n<div class=\"gtx-trans-icon\"><\/div>\n<\/div>\n","protected":false},"excerpt":{"rendered":"<p>jkfadsl\u015flfkasdjlkfasdj\u015fflkjasd\u015fflkjasdfljkasdfja\u015fsfj\u015flkadf<\/p>\n","protected":false},"featured_media":8860,"comment_status":"open","ping_status":"closed","template":"","meta":[],"product_cat":[77],"product_tag":[],"class_list":["post-8804","product","type-product","status-publish","has-post-thumbnail","hentry","product_cat-skincare","product_shipping_class-four-bottle"],"yoast_head":"<!-- This site is optimized with the Yoast SEO plugin v19.10 - https:\/\/yoast.com\/wordpress\/plugins\/seo\/ -->\n<title>Psodex Skincare Kit - Psodex<\/title>\n<meta name=\"robots\" content=\"index, follow, max-snippet:-1, max-image-preview:large, max-video-preview:-1\" \/>\n<link rel=\"canonical\" href=\"https:\/\/kodemre.com\/psodex-2\/product\/psodex-skincare-kit\/\" \/>\n<meta property=\"og:locale\" content=\"en_US\" \/>\n<meta property=\"og:type\" content=\"article\" \/>\n<meta property=\"og:title\" content=\"Psodex Skincare Kit - Psodex\" \/>\n<meta property=\"og:description\" content=\"jkfadsl\u015flfkasdjlkfasdj\u015fflkjasd\u015fflkjasdfljkasdfja\u015fsfj\u015flkadf\" \/>\n<meta property=\"og:url\" content=\"https:\/\/kodemre.com\/psodex-2\/product\/psodex-skincare-kit\/\" \/>\n<meta property=\"og:site_name\" content=\"Psodex\" \/>\n<meta property=\"article:modified_time\" content=\"2023-05-01T21:53:55+00:00\" \/>\n<meta property=\"og:image\" content=\"https:\/\/kodemre.com\/psodex-2\/wp-content\/uploads\/2022\/11\/WhatsApp-Image-2022-11-23-at-17.00.41-1.jpeg\" \/>\n\t<meta property=\"og:image:width\" content=\"1080\" \/>\n\t<meta property=\"og:image:height\" content=\"1080\" \/>\n\t<meta property=\"og:image:type\" content=\"image\/jpeg\" \/>\n<meta name=\"twitter:card\" content=\"summary_large_image\" \/>\n<meta name=\"twitter:label1\" content=\"Est. reading time\" \/>\n\t<meta name=\"twitter:data1\" content=\"3 minutes\" \/>\n<script type=\"application\/ld+json\" class=\"yoast-schema-graph\">{\"@context\":\"https:\/\/schema.org\",\"@graph\":[{\"@type\":\"WebPage\",\"@id\":\"https:\/\/kodemre.com\/psodex-2\/product\/psodex-skincare-kit\/\",\"url\":\"https:\/\/kodemre.com\/psodex-2\/product\/psodex-skincare-kit\/\",\"name\":\"Psodex Skincare Kit - Psodex\",\"isPartOf\":{\"@id\":\"https:\/\/kodemre.com\/psodex-2\/#website\"},\"datePublished\":\"2022-11-11T20:35:14+00:00\",\"dateModified\":\"2023-05-01T21:53:55+00:00\",\"breadcrumb\":{\"@id\":\"https:\/\/kodemre.com\/psodex-2\/product\/psodex-skincare-kit\/#breadcrumb\"},\"inLanguage\":\"en-US\",\"potentialAction\":[{\"@type\":\"ReadAction\",\"target\":[\"https:\/\/kodemre.com\/psodex-2\/product\/psodex-skincare-kit\/\"]}]},{\"@type\":\"BreadcrumbList\",\"@id\":\"https:\/\/kodemre.com\/psodex-2\/product\/psodex-skincare-kit\/#breadcrumb\",\"itemListElement\":[{\"@type\":\"ListItem\",\"position\":1,\"name\":\"Home\",\"item\":\"https:\/\/kodemre.com\/psodex-2\/\"},{\"@type\":\"ListItem\",\"position\":2,\"name\":\"Shop\",\"item\":\"https:\/\/kodemre.com\/psodex-2\/shop\/\"},{\"@type\":\"ListItem\",\"position\":3,\"name\":\"Psodex Skincare Kit\"}]},{\"@type\":\"WebSite\",\"@id\":\"https:\/\/kodemre.com\/psodex-2\/#website\",\"url\":\"https:\/\/kodemre.com\/psodex-2\/\",\"name\":\"Psodex\",\"description\":\"\",\"publisher\":{\"@id\":\"https:\/\/kodemre.com\/psodex-2\/#organization\"},\"potentialAction\":[{\"@type\":\"SearchAction\",\"target\":{\"@type\":\"EntryPoint\",\"urlTemplate\":\"https:\/\/kodemre.com\/psodex-2\/?s={search_term_string}\"},\"query-input\":\"required name=search_term_string\"}],\"inLanguage\":\"en-US\"},{\"@type\":\"Organization\",\"@id\":\"https:\/\/kodemre.com\/psodex-2\/#organization\",\"name\":\"Psodex\",\"url\":\"https:\/\/kodemre.com\/psodex-2\/\",\"logo\":{\"@type\":\"ImageObject\",\"inLanguage\":\"en-US\",\"@id\":\"https:\/\/kodemre.com\/psodex-2\/#\/schema\/logo\/image\/\",\"url\":\"https:\/\/kodemre.com\/psodex-2\/wp-content\/uploads\/2022\/10\/logo_psodex-1.png\",\"contentUrl\":\"https:\/\/kodemre.com\/psodex-2\/wp-content\/uploads\/2022\/10\/logo_psodex-1.png\",\"width\":400,\"height\":76,\"caption\":\"Psodex\"},\"image\":{\"@id\":\"https:\/\/kodemre.com\/psodex-2\/#\/schema\/logo\/image\/\"}}]}<\/script>\n<!-- \/ Yoast SEO plugin. -->","yoast_head_json":{"title":"Psodex Skincare Kit - Psodex","robots":{"index":"index","follow":"follow","max-snippet":"max-snippet:-1","max-image-preview":"max-image-preview:large","max-video-preview":"max-video-preview:-1"},"canonical":"https:\/\/kodemre.com\/psodex-2\/product\/psodex-skincare-kit\/","og_locale":"en_US","og_type":"article","og_title":"Psodex Skincare Kit - Psodex","og_description":"jkfadsl\u015flfkasdjlkfasdj\u015fflkjasd\u015fflkjasdfljkasdfja\u015fsfj\u015flkadf","og_url":"https:\/\/kodemre.com\/psodex-2\/product\/psodex-skincare-kit\/","og_site_name":"Psodex","article_modified_time":"2023-05-01T21:53:55+00:00","og_image":[{"width":1080,"height":1080,"url":"https:\/\/kodemre.com\/psodex-2\/wp-content\/uploads\/2022\/11\/WhatsApp-Image-2022-11-23-at-17.00.41-1.jpeg","type":"image\/jpeg"}],"twitter_card":"summary_large_image","twitter_misc":{"Est. reading time":"3 minutes"},"schema":{"@context":"https:\/\/schema.org","@graph":[{"@type":"WebPage","@id":"https:\/\/kodemre.com\/psodex-2\/product\/psodex-skincare-kit\/","url":"https:\/\/kodemre.com\/psodex-2\/product\/psodex-skincare-kit\/","name":"Psodex Skincare Kit - Psodex","isPartOf":{"@id":"https:\/\/kodemre.com\/psodex-2\/#website"},"datePublished":"2022-11-11T20:35:14+00:00","dateModified":"2023-05-01T21:53:55+00:00","breadcrumb":{"@id":"https:\/\/kodemre.com\/psodex-2\/product\/psodex-skincare-kit\/#breadcrumb"},"inLanguage":"en-US","potentialAction":[{"@type":"ReadAction","target":["https:\/\/kodemre.com\/psodex-2\/product\/psodex-skincare-kit\/"]}]},{"@type":"BreadcrumbList","@id":"https:\/\/kodemre.com\/psodex-2\/product\/psodex-skincare-kit\/#breadcrumb","itemListElement":[{"@type":"ListItem","position":1,"name":"Home","item":"https:\/\/kodemre.com\/psodex-2\/"},{"@type":"ListItem","position":2,"name":"Shop","item":"https:\/\/kodemre.com\/psodex-2\/shop\/"},{"@type":"ListItem","position":3,"name":"Psodex Skincare Kit"}]},{"@type":"WebSite","@id":"https:\/\/kodemre.com\/psodex-2\/#website","url":"https:\/\/kodemre.com\/psodex-2\/","name":"Psodex","description":"","publisher":{"@id":"https:\/\/kodemre.com\/psodex-2\/#organization"},"potentialAction":[{"@type":"SearchAction","target":{"@type":"EntryPoint","urlTemplate":"https:\/\/kodemre.com\/psodex-2\/?s={search_term_string}"},"query-input":"required name=search_term_string"}],"inLanguage":"en-US"},{"@type":"Organization","@id":"https:\/\/kodemre.com\/psodex-2\/#organization","name":"Psodex","url":"https:\/\/kodemre.com\/psodex-2\/","logo":{"@type":"ImageObject","inLanguage":"en-US","@id":"https:\/\/kodemre.com\/psodex-2\/#\/schema\/logo\/image\/","url":"https:\/\/kodemre.com\/psodex-2\/wp-content\/uploads\/2022\/10\/logo_psodex-1.png","contentUrl":"https:\/\/kodemre.com\/psodex-2\/wp-content\/uploads\/2022\/10\/logo_psodex-1.png","width":400,"height":76,"caption":"Psodex"},"image":{"@id":"https:\/\/kodemre.com\/psodex-2\/#\/schema\/logo\/image\/"}}]}},"_links":{"self":[{"href":"https:\/\/kodemre.com\/psodex-2\/wp-json\/wp\/v2\/product\/8804","targetHints":{"allow":["GET"]}}],"collection":[{"href":"https:\/\/kodemre.com\/psodex-2\/wp-json\/wp\/v2\/product"}],"about":[{"href":"https:\/\/kodemre.com\/psodex-2\/wp-json\/wp\/v2\/types\/product"}],"replies":[{"embeddable":true,"href":"https:\/\/kodemre.com\/psodex-2\/wp-json\/wp\/v2\/comments?post=8804"}],"version-history":[{"count":8,"href":"https:\/\/kodemre.com\/psodex-2\/wp-json\/wp\/v2\/product\/8804\/revisions"}],"predecessor-version":[{"id":8918,"href":"https:\/\/kodemre.com\/psodex-2\/wp-json\/wp\/v2\/product\/8804\/revisions\/8918"}],"wp:featuredmedia":[{"embeddable":true,"href":"https:\/\/kodemre.com\/psodex-2\/wp-json\/wp\/v2\/media\/8860"}],"wp:attachment":[{"href":"https:\/\/kodemre.com\/psodex-2\/wp-json\/wp\/v2\/media?parent=8804"}],"wp:term":[{"taxonomy":"product_cat","embeddable":true,"href":"https:\/\/kodemre.com\/psodex-2\/wp-json\/wp\/v2\/product_cat?post=8804"},{"taxonomy":"product_tag","embeddable":true,"href":"https:\/\/kodemre.com\/psodex-2\/wp-json\/wp\/v2\/product_tag?post=8804"}],"curies":[{"name":"wp","href":"https:\/\/api.w.org\/{rel}","templated":true}]}}